
5
In base 3, what is -111 - -110?
-1
In base 5, what is -23 + -113?
-141
In base 4, what is -1020 - 12?
-1032
In base 2, what is 11 - 1111010?
-1110111
In base 13, what is -49c + -c?
-4ab
In base 6, what is -335004 - 3?
-335011
In base 6, what is -102204 + 5?
-102155
In base 6, what is -3 + -51?
-54
In base 13, what is -614 - 3?
-617
In base 6, what is 4 + -11?
-3
In base 15, what is 8 - -aa?
b3
In base 13, what is -20 - -1?
-1c
In base 13, what is -126 + 5?
-121
In base 6, what is -3 - 1215?
-1222
In base 4, what is -2 - 210?
-212
In base 6, what is -2 - 244?
-250
In base 2, what is 1 + 101110000111?
101110001000
In base 8, what is -20 + 101?
61
In base 3, what is 12 - 12210010?
-12202221
In base 5, what is 11333 + 0?
11333
In base 12, what is 726 + -1?
725
In base 14, what is -60 + 6?
-58
In base 3, what is -1000010 + -12?
-1000022
In base 11, what is -1 + -221?
-222
In base 4, what is -33 - 313?
-1012
In base 6, what is 3 - -3532?
3535
In base 16, what is -5 - -25?
20
In base 13, what is 5c - 16?
46
In base 2, what is 10 + -100001001?
-100000111
In base 14, what is -11 + -29?
-3a
In base 7, what is -45 + 12?
-33
In base 8, what is -2403 + -4?
-2407
In base 10, what is 2 + 6?
8
In base 5, what is -43 - -14?
-24
In base 2, what is -1 + -1001?
-1010
In base 9, what is 587 - 5?
582
In base 11, what is -16 + -a42?
-a58
In base 4, what is -232 - 32210?
-33102
In base 12, what is -13 + -16?
-29
In base 14, what is -6 + 41?
39
In base 12, what is -4 + 407?
403
In base 2, what is 101 - -10000?
10101
In base 11, what is 4 + -676?
-672
In base 10, what is 10 + -169?
-159
In base 11, what is 224 + -5?
21a
In base 7, what is -14200 - 5?
-14205
In base 12, what is 97 - 4?
93
In base 6, what is -2 - 140?
-142
In base 2, what is 11 + 101011?
101110
In base 14, what is 9 + 1b2?
1bb
In base 14, what is -70 + 2?
-6c
In base 10, what is -38 - 1?
-39
In base 4, what is -10 - 210013?
-210023
In base 9, what is 32 + 25?
57
In base 9, what is -54 + -134?
-188
In base 7, what is 6 - -2241?
2250
In base 16, what is -5 + -1a5?
-1aa
In base 3, what is 2 + 100101?
100110
In base 7, what is 0 + 13?
13
In base 13, what is -21 - 3?
-24
In base 4, what is -3 - 23022?
-23031
In base 9, what is 57133 - 5?
57127
In base 11, what is 36 - 29?
8
In base 10, what is -19 + -2?
-21
In base 7, what is 160 - 14?
143
In base 16, what is -f1 - 77?
-168
In base 4, what is -1001 + 3?
-332
In base 12, what is 1 + 21b?
220
In base 13, what is 4 - -3b?
42
In base 3, what is -12202 - 1?
-12210
In base 7, what is 6 - 112?
-103
In base 3, what is 11 - 100222?
-100211
In base 10, what is -3 - -130?
127
In base 10, what is -321 + 7?
-314
In base 16, what is 2c + 2?
2e
In base 9, what is -44 - -7?
-36
In base 13, what is 0 - -471?
471
In base 14, what is -3 - -a?
7
In base 4, what is -2 + -11?
-13
In base 10, what is -54 + 0?
-54
In base 15, what is 0 + -15?
-15
In base 13, what is 102c1 + -5?
102b9
In base 15, what is -1 - -3c9?
3c8
In base 5, what is 1032 - -123?
1210
In base 14, what is a8 + 2?
aa
In base 4, what is -1 + -10133?
-10200
In base 7, what is 1221 - -3?
1224
In base 16, what is 1a + 7?
21
In base 8, what is -3 + -3405?
-3410
In base 5, what is 432 + -13?
414
In base 10, what is -11 + 22?
11
In base 16, what is 360 + -3?
35d
In base 4, what is -1132100 - 10?
-1132110
In base 7, what is 3 + 3265?
3301
In base 15, what is 28 + 8d?
b6
In base 3, what is 200202 - -11?
200220
In base 9, what is -21 - -1?
-20
In base 3, what is 11222 - -10200?
22122
In base 4, what is 10 + -1030?
-1020
In base 4, what is 2 + -2003?
-2001
In base 14, what is -7 - -d3?
ca
In base 13, what is 119 - -1c?
138
In base 13, what is 120 - 50?
a0
In base 13, what is 5 - -14b?
153
In base 6, what is 110 + 31?
141
In base 8, what is -1230 - 3?
-1233
In base 6, what is 203233 + -1?
203232
In base 8, what is 1777 + -2?
1775
In base 4, what is -10 - -22212?
22202
In base 11, what is -8 + 111?
104
In base 15, what is -89b - -5?
-896
In base 12, what is -1 - 70?
-71
In base 14, what is -2 - 28d?
-291
In base 12, what is -3748 - 2?
-374a
In base 2, what is -1100 + -110?
-10010
In base 8, what is 4 + -74?
-70
In base 8, what is -77 + 3?
-74
In base 10, what is 16 + 8?
24
In base 11, what is 45 + -1?
44
In base 4, what is -1003 - 1222?
-2231
In base 14, what is 5d6 + 4?
5da
In base 11, what is 4a7 + -2?
4a5
In base 3, what is 202 - -111122?
112101
In base 2, what is 1010000 - -101010001?
110100001
In base 5, what is 12220 + 4?
12224
In base 7, what is 46 - -16?
65
In base 4, what is -2110112 + 1?
-2110111
In base 15, what is 22 + 2a?
4c
In base 15, what is 6 - -16?
1c
In base 9, what is -187 - -6?
-181
In base 14, what is -1 + 164?
163
In base 2, what is 11 - -11?
110
In base 5, what is 3 - 11224?
-11221
In base 15, what is 4 - -2a1?
2a5
In base 10, what is -3279 - -4?
-3275
In base 5, what is 33321 - 1?
33320
In base 7, what is -1 + 265?
264
In base 16, what is 5 + -90?
-8b
In base 7, what is -20 - -4?
-13
In base 4, what is 2 - 3?
-1
In base 11, what is -2 + 2277?
2275
In base 16, what is -2 - 18?
-1a
In base 10, what is 2 - -811?
813
In base 4, what is 11 - -212?
223
In base 7, what is -3114 + 0?
-3114
In base 14, what is -1 + 582?
581
In base 5, what is -110 - 3?
-113
In base 12, what is -292 + 0?
-292
In base 4, what is 20301 + 2?
20303
In base 10, what is 10 + -7?
3
In base 12, what is -2 - -99?
97
In base 11, what is 6 - 33?
-28
In base 7, what is 235 - -1?
236
In base 10, what is 466 - -14?
480
In base 11, what is -12 + 27?
15
In base 5, what is -203 - 200?
-403
In base 16, what is 4 + 27?
2b
In base 2, what is -1000 + -10011111101?
-10100000101
In base 14, what is 17 + -82?
-69
In base 2, what is 0 + -1000101010?
-1000101010
In base 3, what is 120 + 1201011?
1201201
In base 7, what is 441 - -34?
505
In base 14, what is c + -2c?
-20
In base 13, what is -4 + ac4?
ac0
In base 7, what is 61 - -3?
64
In base 13, what is 11 + 18?
29
In base 8, what is 2 + 3021?
3023
In base 14, what is 7 - 1?
6
In base 16, what is b1 + -1?
b0
In base 10, what is -1 - -239?
238
In base 8, what is 0 + -226?
-226
In base 6, what is 12 - -2320?
2332
In base 12, what is 198 - -5?
1a1
In base 16, what is 0 + -7b?
-7b
In base 8, what is 5363 - -5?
5370
In base 7, what is -105 - 15?
-123
In base 4, what is 1110 - 3?
1101
In base 14, what is 1b3 - 18?
199
In base 8, what is 114 - 0?
114
In base 7, what is -31 + -10?
-41
In base 14, what is 8 + -a?
-2
In base 16, what is -1477 - 1?
-1478
In base 4, what is -12 + 1?
-11
In base 14, what is -939 + -2?
-93b
In base 15, what is -61 + 0?
-61
In base 16, what is 7 - -8?
f
In base 16, what is -3ab9 - 1?
-3aba
In base 2, what is -11101111 - 10001?
-100000000
In base 9, what is -7 - 45?
-53
In base 10, what is -4 - -66?
62
In base 9, what is 3 - 4525?
-4522
In base 5, what is 2 - -11144?
11201
In base 5, what is 100 + -24?
21
In base 3, what is 1 + -12021?
-12020
In base 12, what is 1a3 + 2?
1a5
In base 9, what is -78 + -4?
-83
In base 15, what is -23 + -27?
-4a
In base 10, what is -16990 + 2?
-16988
In base 15, what is -3 - -deb?
de8
In base 16, what is -f4 + 1?
-f3
In base 5, what is 2303 - 13?
2240
In base 8, what is -24 - -10?
-14
In base 7, what is -5 + -145?
-153
In base 5, what is 10 - -20022?
20032
In base 13, what is 2 + 42?
44
In base 6, what is -4155 + 2?
-4153
In base 8, what is 541 + 4?
545
In base 12, what is 4 + 14?
18
In base 15, what is 0 + e61?
e61
In base 8, what is -4 - -335?
331
In base 11, what is -4 - -22?
19
In base 14, what is -7 - 4?
-b
In base 12, what is -ba7 - -3?
-ba4
In base 9, what is -24077 - 5?
-24083
In base 13, what is -306 + 3?
-303
In base 5, what is 40002 - 3?
34444
In base 10, what is -11 + -52?
-63
In base 2, what is -110000110110 + -100?
-110000111010
In base 14, what is a + 4?
10
In base 5, what is 12402 + -3?
12344
In base 4, what is 23200 - 21?
23113
In base 15, what is bd - 1?
bc
In base 5, what is -3121 + 3?
-3113
In base 15, what is -9 + 63?
59
In base 14, what is 9 + 25?
30
In base 16, what is d5 - 13?
c2
In base 7, what is 456 - -2?
461
In base 11, what is 92 + -4?
89
In base 2, what is -1000111 + -11?
-1001010
In base 9, what is -88 - 8?
-107
In base 14, what is -20c - 3?
-211
In base 6, what is -3553 - 10?
-4003
In base 11, what is -46 + 0?
-46
In ba